 + i - 15 = a. Suppose 64*h - 140*h + 608 = 0. Calculate the remainder when h is divided by i.
2
Let a = -4 - -23. Calculate the remainder when 38 - (-6 - (-2 + -5 - 6)) is divided by a.
12
Calculate the remainder when (1050/(-189))/(-25) - 1438/(-9) is divided by 64.
32
Let v(a) = -a**3 - 8*a**2 - 6*a + 9. Let l be v(-7). Suppose 63 = l*g - 11. What is the remainder when g is divided by (-3)/(-2)*480/72?
7
Let d = 43 + -24. Let s(t) = 320*t - 34. Let i be s(3). Suppose -33*w + 36*w + 9 = 0, 5*q + 3*w = i. Calculate the remainder when q is divided by d.
16
Suppose -4*r = -w + 75, -5*w + 40*r = 39*r - 318. Calculate the remainder when w is divided by 61.
2
Suppose -15*q - 5397 = -n - 18*q, 27057 = 5*n - 3*q. What is the remainder when n is divided by 132?
129
Let t(x) = 6*x**3 - 16*x**2 + 62*x - 9. What is the remainder when t(4) is divided by 102?
61
Let z = 154 + -153. Let h(f) = 219*f**3 - 3*f**2 + 3*f. Calculate the remainder when h(z) is divided by 59.
42
Suppose -2*l - 2*o = -2016, -60*l + 59*l - 3*o = -1000. What is the remainder when l is divided by 129?
109
Suppose y - 1 = 2. Suppose 2*w = -y*w + 95. What is the remainder when (-1007 + 1004)*-3*74/9 is divided by w?
17
Let g = -13 - -18. Suppose 0 = g*j - 34 - 16. Suppose 65 = 5*z - 5*k, 54*k - 116 = -14*z + 57*k. What is the remainder when j is divided by z?
3
Suppose -5*g + 278 = -4*g. Let m(s) = 15*s**2 + 178*s - 14. Calculate the remainder when g is divided by m(-12).
8
Suppose -15*t + 11*t = -68. Suppose t*a - 14*a - 141 = 0. Calculate the remainder when 107 is divided by a.
13
Let g(v) = v**3 + 7*v**2 - 23*v + 70. Let s(t) = -2*t**3 - 4*t - 3. Calculate the remainder when s(-5) is divided by g(3).
85
Let u = -14429 - -28617. What is the remainder when u is divided by 129?
127
Suppose 128*z - 185*z = -562 - 2060. Suppose 4*l - 528 = -0*l. What is the remainder when l is divided by z?
40
Suppose -42*p = -41*p - 15. Suppose 5*d - 10 = k, 4*d + 5*k - 6 = d. Suppose -d*w + 14 = -2. Calculate the remainder when p is divided by w.
7
Suppose -75013 = -365*i - 42*i + 233493. Calculate the remainder when i is divided by 78.
56
Calculate the remainder when -6*3044/(-36) + (-10)/30 is divided by 7.
3
Calculate the remainder when (98/8)/((-136)/(-5440)) is divided by 79.
16
Let u be ((-2)/8)/(38/(-304)). Suppose 5*q - 337 = 3*c, u*q + 0*c - 3*c = 133. What is the remainder when q is divided by 27?
14
What is the remainder when 432 is divided by (2/(-5))/(95/(-26125))?
102
Suppose 0 = -128*r + 7366 + 62394. Calculate the remainder when r is divided by 78.
77
Suppose 32*g + 2150 = 11334. What is the remainder when g is divided by 56?
7
Let a(r) = -r**3 - r**2 - r - 1. Let h be 5 - 9 - (-4 + 1). Let l be a(h). Suppose -6*n - 8*n + 602 = l. Calculate the remainder when n is divided by 22.
21
Suppose 1055*h - 1051*h + 80 = 0. Calculate the remainder when 26 is divided by (-3)/(7/h - (-8)/(-20)).
2
Let h = 14144 + -13681. What is the remainder when h is divided by 52?
47
Let i(v) = -5*v + 16. Let u be i(9). Let z = u - -18. Let f = 37 + z. What is the remainder when 47 is divided by f?
21
Suppose -115*x + 5*d = -118*x + 180, 0 = x - d - 52. Suppose x*w - 3 = 54*w. Calculate the remainder when 4 is divided by w.
1
Suppose -5*b + 4*v + 35 = 0, -2*v + 653 - 663 = 0. Calculate the remainder when 51 is divided by b.
0
Suppose 2*o - 4*r - 22 = 0, 8*o + 21 = 10*o - 5*r. What is the remainder when 210 is divided by o?
2
Suppose 57*l - 125 = 52*l. Calculate the remainder when 318 is divided by l.
18
Let p = 169 - 160. Suppose -4 = p*y - 112. What is the remainder when 273 is divided by y?
9
Suppose 2*x + 2*d = 0, 0*d + 5 = 3*x - 2*d. Let u be x - (-30 - (4 + -6)). What is the remainder when -3*((-4)/(-6))/((-2)/u) is divided by 15?
14
Let k = 593 + -583. What is the remainder when (758/(-6)*k)/((-2)/3) is divided by 79?
78
Let m = -98 + 12. Let v = 115 + m. What is the remainder when 141 is divided by v?
25
Suppose i - 3*o - 15 = 0, 0*i = 2*i - 3*o - 39. Let n = -65691 - -65903. What is the remainder when n is divided by i?
20
Let w = 6255 + -5655. Calculate the remainder when w is divided by 198.
6
Let x = -1509 - -1530. Calculate the remainder when (4 - (-33)/6)*6 is divided by x.
15
Let v be (-10)/4 + 6/(-4). Let d be (-87)/((-10)/v - 1). Let a = d - -84. Calculate the remainder when 75 is divided by a.
23
Let q = -360 + 387. Suppose 0 = q*h - 16*h - 231. What is the remainder when 113 is divided by h?
8
Let b(r) = r**2 + 8*r - 115. What is the remainder when b(-41) is divided by 18?
14
Let l(g) = -g**2 + g + 171. Let f(q) = 2*q**3 - 22*q**2 + 42*q + 115. Calculate the remainder when l(0) is divided by f(4).
53
Let n(r) = 13*r**2 + 1432*r + 230. What is the remainder when 387 is divided by n(-110)?
7
Let j = -9080 + 9220. What is the remainder when 694 is divided by j?
134
What is the remainder when (16/10)/(((-54)/1440)/(-3)) is divided by 114?
14
Suppose 645*o + 927 = 748*o. Suppose v = -f, 4*f + 0*v = -3*v - 4. Let c(k) = k**3 + 6*k**2 + 5*k - 1. What is the remainder when c(f) is divided by o?
2
Let l = 4550 + -3984. Calculate the remainder when l is divided by 16.
6
What is the remainder when 196 is divided by 6195/1062 + (-5)/6?
1
Suppose 4*o = -5*r + 1532, -1915 = -5*o + 44*r - 41*r. Calculate the remainder when o is divided by 43.
39
Suppose 73*l - 78*l - 3*v = -10489, 7*v + 6311 = 3*l. Calculate the remainder when l is divided by 5.
4
Let j = -3074 + 3534. What is the remainder when j is divided by 59?
47
Let m = 10 + -5. Suppose -68 = -4*h - 4*i, 2*h = m*h + i - 47. Let n(t) = t**3 - 311*t**2 + 25*t + 4. What is the remainder when h is divided by n(0)?
3
Let b be 8/14 + 12915/(-49). Let j = -249 - b. Calculate the remainder when 55 is divided by j.
13
Let f be 0 + 6/24*(21 - 1). Suppose -5*q + f*n = 3*n - 14, 0 = 2*q - 3*n + 1. What is the remainder when 14 is divided by q?
2
Let p(v) = 634*v + 18 + 640*v - 1281*v. Suppose 0*i + 16 = 4*i. What is the remainder when i is divided by p(2)?
0
Let h be 71*(-2)/6*-3. Suppose 15*l + 26 = 13*l. Let y = h + l. Calculate the remainder when y is divided by 15.
13
Suppose -4*a + 140 = 4*j, -2*j + 0*a + 70 = 3*a. Calculate the remainder when 53 is divided by 2/7 + 1110/j.
21
Let k(n) be the third derivative of -n**6/20 + n**5/60 + n**4/24 - 45*n**2. Suppose 6*g + 3 = 3*g. What is the remainder when 15 is divided by k(g)?
3
Let q(x) = x**2 + 80*x + 1041. What is the remainder when 422 is divided by q(-68)?
197
Suppose 8*z - 7*z = 124. Let f = 65 + -45. What is the remainder when z is divided by f - -5 - (-3 + 4 - 1)?
24
Let s(y) = 8*y + 254. What is the remainder when s(-5) is divided by 59?
37
Suppose -188 - 1127 = -5*f - 5*h, 4*h = -5*f + 1320. Calculate the remainder when 818 is divided by f.
14
Let b = -5568 - -5690. Calculate the remainder when b is divided by 6.
2
Suppose -321 = 9*q - 357. Suppose -5*j - 4*y - 35 + 250 = 0, q*y + 172 = 4*j. Calculate the remainder when 100 is divided by j.
14
Let d(x) = x**3 + 15*x**2 - 2*x - 9. Let h(z) = z**2 + 66*z + 1165. What is the remainder when h(-38) is divided by d(-15)?
17
Suppose 34*j = 442 - 102. Suppose j*z - 8*z - 52 = 0. Let t(i) = -5*i + 1. What is the remainder when z is divided by t(-3)?
10
What is the remainder when 707 is divided by 48/30 - 10140/(-100)?
89
Suppose 0 = 2*a + 4*l + 15 + 9, -4*l - 18 = a. Let g(d) = d**3 + d + 11 + 7*d + 8*d**2 + 3. Calculate the remainder when g(a) is divided by 8.
6
Let b(a) = a**3 + 8*a**2 + 85*a - 540. Calculate the remainder when 801 is divided by b(7).
11
Let j(w) = -w**2 - 2*w - 5. Let o(c) = c**2 - 11*c + 28. Let r be o(6). Let v be j(r). Let s = 7 - v. What is the remainder when 22 is divided by s?
10
Suppose 22*u - 6240 - 9094 = 0. Calculate the remainder when u is divided by 220.
37
Suppose 0*g - 2*g + 44 = 0. Let l = 58 + -27. Suppose l*s = 28*s + 258. Calculate the remainder when s is divided by g.
20
Let p be -2*(4 - (-3)/(-1)). Let u(m) = -2*m**3 - 3*m**2 - m - 1. Suppose 9 = 4*c - 7. Calculate the remainder when u(p) is divided by c.
1
Suppose 4851 = 29*z - 3762. Calculate the remainder when 586 is divided by z.
289
Let x = -8161 + 8198. Calculate the remainder when 152 is divided by x.
4
What is the remainder when 6/(-6)*4*(-19 - 21) is divided 